{"id":30,"date":"2022-03-16T19:23:32","date_gmt":"2022-03-16T22:23:32","guid":{"rendered":"https:\/\/www.cepceciliameireles.com.br\/site\/?page_id=30"},"modified":"2022-03-16T19:27:56","modified_gmt":"2022-03-16T22:27:56","slug":"ensino-fundamental","status":"publish","type":"page","link":"https:\/\/www.cepceciliameireles.com.br\/site\/ensino-fundamental\/","title":{"rendered":"Ensino Fundamental"},"content":{"rendered":"\n<p>No <strong>Ensino Fundamental<\/strong>, segunda fase do Ensino B\u00e1sico, a aprendizagem \u00e9 facilitada pela reflex\u00e3o, interpreta\u00e7\u00e3o do cotidiano com base na viv\u00eancia de experi\u00eancias, nas pesquisas, semin\u00e1rios e na utiliza\u00e7\u00e3o de tecnologias de informa\u00e7\u00e3o. Entretanto, \u00e9 numa postura de di\u00e1logo constante, de discuss\u00f5es sobre limites, valores, \u00e9tica e moral que se garantem n\u00e3o apenas a constru\u00e7\u00e3o do pr\u00f3prio conhecimento, mas principalmente da pr\u00f3pria Educa\u00e7\u00e3o.<\/p>\n","protected":false},"excerpt":{"rendered":"<p>No Ensino Fundamental, segunda fase do Ensino B\u00e1sico, a aprendizagem \u00e9 facilitada pela reflex\u00e3o, interpreta\u00e7\u00e3o do cotidiano com base na viv\u00eancia de experi\u00eancias, nas pesquisas, semin\u00e1rios e na utiliza\u00e7\u00e3o de tecnologias de informa\u00e7\u00e3o. Entretanto, \u00e9 numa postura de di\u00e1logo constante, de discuss\u00f5es sobre limites, valores, \u00e9tica e moral que se garantem n\u00e3o apenas a constru\u00e7\u00e3o &#8230; <a title=\"Ensino Fundamental\" class=\"read-more\" href=\"https:\/\/www.cepceciliameireles.com.br\/site\/ensino-fundamental\/\" aria-label=\"Read more about Ensino Fundamental\">Ler mais<\/a><\/p>\n","protected":false},"author":1,"featured_media":0,"parent":0,"menu_order":0,"comment_status":"closed","ping_status":"closed","template":"","meta":{"footnotes":""},"class_list":["post-30","page","type-page","status-publish"],"_links":{"self":[{"href":"https:\/\/www.cepceciliameireles.com.br\/site\/wp-json\/wp\/v2\/pages\/30","targetHints":{"allow":["GET"]}}],"collection":[{"href":"https:\/\/www.cepceciliameireles.com.br\/site\/wp-json\/wp\/v2\/pages"}],"about":[{"href":"https:\/\/www.cepceciliameireles.com.br\/site\/wp-json\/wp\/v2\/types\/page"}],"author":[{"embeddable":true,"href":"https:\/\/www.cepceciliameireles.com.br\/site\/wp-json\/wp\/v2\/users\/1"}],"replies":[{"embeddable":true,"href":"https:\/\/www.cepceciliameireles.com.br\/site\/wp-json\/wp\/v2\/comments?post=30"}],"version-history":[{"count":2,"href":"https:\/\/www.cepceciliameireles.com.br\/site\/wp-json\/wp\/v2\/pages\/30\/revisions"}],"predecessor-version":[{"id":37,"href":"https:\/\/www.cepceciliameireles.com.br\/site\/wp-json\/wp\/v2\/pages\/30\/revisions\/37"}],"wp:attachment":[{"href":"https:\/\/www.cepceciliameireles.com.br\/site\/wp-json\/wp\/v2\/media?parent=30"}],"curies":[{"name":"wp","href":"https:\/\/api.w.org\/{rel}","templated":true}]}}

<p>No <strong>Ensino Fundamental</strong>, segunda fase do Ensino Básico, a aprendizagem é facilitada pela reflexão, interpretação do cotidiano com base na vivência de experiências, nas pesquisas, seminários e na utilização de tecnologias de informação. Entretanto, é numa postura de diálogo constante, de discussões sobre limites, valores, ética e moral que se garantem não apenas a construção do próprio conhecimento, mas principalmente da própria Educação.</p>

<p>No Ensino Fundamental, segunda fase do Ensino Básico, a aprendizagem é facilitada pela reflexão, interpretação do cotidiano com base na vivência de experiências, nas pesquisas, seminários e na utilização de tecnologias de informação. Entretanto, é numa postura de diálogo constante, de discussões sobre limites, valores, ética e moral que se garantem não apenas a construção &#8230; <a title="Ensino Fundamental" class="read-more" href="https://www.cepceciliameireles.com.br/site/ensino-fundamental/" aria-label="Read more about Ensino Fundamental">Ler mais</a></p>
