{"id":32,"date":"2022-03-16T19:23:45","date_gmt":"2022-03-16T22:23:45","guid":{"rendered":"https:\/\/www.cepceciliameireles.com.br\/site\/?page_id=32"},"modified":"2022-03-16T19:28:32","modified_gmt":"2022-03-16T22:28:32","slug":"ensino-medio","status":"publish","type":"page","link":"https:\/\/www.cepceciliameireles.com.br\/site\/ensino-medio\/","title":{"rendered":"Ensino M\u00e9dio"},"content":{"rendered":"\n<p>No <strong>Ensino M\u00e9dio<\/strong>, fase final do Ensino B\u00e1sico e preparo para o Ensino Superior, a marca \u00e9 do desafio: ENEM, vestibulares, mercado de trabalho, d\u00favidas e incertezas acerca da profiss\u00e3o e, n\u00e3o bastando, as transforma\u00e7\u00f5es biol\u00f3gicas, psicol\u00f3gicas e sociais do adolescente.<\/p>\n","protected":false},"excerpt":{"rendered":"<p>No Ensino M\u00e9dio, fase final do Ensino B\u00e1sico e preparo para o Ensino Superior, a marca \u00e9 do desafio: ENEM, vestibulares, mercado de trabalho, d\u00favidas e incertezas acerca da profiss\u00e3o e, n\u00e3o bastando, as transforma\u00e7\u00f5es biol\u00f3gicas, psicol\u00f3gicas e sociais do adolescente.<\/p>\n","protected":false},"author":1,"featured_media":0,"parent":0,"menu_order":0,"comment_status":"closed","ping_status":"closed","template":"","meta":{"footnotes":""},"class_list":["post-32","page","type-page","status-publish"],"_links":{"self":[{"href":"https:\/\/www.cepceciliameireles.com.br\/site\/wp-json\/wp\/v2\/pages\/32","targetHints":{"allow":["GET"]}}],"collection":[{"href":"https:\/\/www.cepceciliameireles.com.br\/site\/wp-json\/wp\/v2\/pages"}],"about":[{"href":"https:\/\/www.cepceciliameireles.com.br\/site\/wp-json\/wp\/v2\/types\/page"}],"author":[{"embeddable":true,"href":"https:\/\/www.cepceciliameireles.com.br\/site\/wp-json\/wp\/v2\/users\/1"}],"replies":[{"embeddable":true,"href":"https:\/\/www.cepceciliameireles.com.br\/site\/wp-json\/wp\/v2\/comments?post=32"}],"version-history":[{"count":2,"href":"https:\/\/www.cepceciliameireles.com.br\/site\/wp-json\/wp\/v2\/pages\/32\/revisions"}],"predecessor-version":[{"id":38,"href":"https:\/\/www.cepceciliameireles.com.br\/site\/wp-json\/wp\/v2\/pages\/32\/revisions\/38"}],"wp:attachment":[{"href":"https:\/\/www.cepceciliameireles.com.br\/site\/wp-json\/wp\/v2\/media?parent=32"}],"curies":[{"name":"wp","href":"https:\/\/api.w.org\/{rel}","templated":true}]}}